[INFO] cloning repository https://github.com/VojtechStep/vte-bench
[INFO] running `Command { std: "git" "-c" "credential.helper=" "-c" "credential.helper=/workspace/cargo-home/bin/git-credential-null" "clone" "--bare" "https://github.com/VojtechStep/vte-bench" "/workspace/cache/git-repos/https%3A%2F%2Fgithub.com%2FVojtechStep%2Fvte-bench", kill_on_drop: false }`
[INFO] [stderr] Cloning into bare repository '/workspace/cache/git-repos/https%3A%2F%2Fgithub.com%2FVojtechStep%2Fvte-bench'...
[INFO] running `Command { std: "git" "rev-parse" "HEAD", kill_on_drop: false }`
[INFO] [stdout] 59370bbae1dd36575444e1d1a1176b7caf6054e1
[INFO] checking VojtechStep/vte-bench against master#cfbc6d4cf1acbac5c025acf8ed68929caa551df3 for pr-75494-beta
[INFO] running `Command { std: "git" "clone" "/workspace/cache/git-repos/https%3A%2F%2Fgithub.com%2FVojtechStep%2Fvte-bench" "/workspace/builds/worker-9/source", kill_on_drop: false }`
[INFO] [stderr] Cloning into '/workspace/builds/worker-9/source'...
[INFO] [stderr] done.
[INFO] validating manifest of git repo https://github.com/VojtechStep/vte-bench on toolchain cfbc6d4cf1acbac5c025acf8ed68929caa551df3
[INFO] running `Command { std: "/workspace/cargo-home/bin/cargo" "+cfbc6d4cf1acbac5c025acf8ed68929caa551df3" "read-manifest" "--manifest-path" "Cargo.toml", kill_on_drop: false }`
[INFO] started tweaking git repo https://github.com/VojtechStep/vte-bench
[INFO] removed path dependency vte from git repo https://github.com/VojtechStep/vte-bench
[INFO] finished tweaking git repo https://github.com/VojtechStep/vte-bench
[INFO] tweaked toml for git repo https://github.com/VojtechStep/vte-bench written to /workspace/builds/worker-9/source/Cargo.toml
[INFO] crate git repo https://github.com/VojtechStep/vte-bench already has a lockfile, it will not be regenerated
[INFO] running `Command { std: "/workspace/cargo-home/bin/cargo" "+cfbc6d4cf1acbac5c025acf8ed68929caa551df3" "fetch" "--locked" "--manifest-path" "Cargo.toml", kill_on_drop: false }`
[INFO] [stderr] warning: dependency (vte) specified without providing a local path, Git repository, or version to use. This will be considered an error in future versions
[INFO] [stderr]     Updating crates.io index
[INFO] [stderr] error: the lock file /workspace/builds/worker-9/source/Cargo.lock needs to be updated but --locked was passed to prevent this
[INFO] [stderr] If you want to try to generate the lock file without accessing the network, use the --offline flag.
[INFO] the lockfile is outdated, regenerating it
[INFO] running `Command { std: "/workspace/cargo-home/bin/cargo" "+cfbc6d4cf1acbac5c025acf8ed68929caa551df3" "generate-lockfile" "--manifest-path" "Cargo.toml" "-Zno-index-update", kill_on_drop: false }`
[INFO] running `Command { std: "/workspace/cargo-home/bin/cargo" "+cfbc6d4cf1acbac5c025acf8ed68929caa551df3" "fetch" "--locked" "--manifest-path" "Cargo.toml", kill_on_drop: false }`
[INFO] [stderr] warning: dependency (vte) specified without providing a local path, Git repository, or version to use. This will be considered an error in future versions
[INFO] [stderr]     Blocking waiting for file lock on package cache
[INFO] [stderr]  Downloading crates ...
[INFO] [stderr]   Downloaded vte_generate_state_changes v0.1.1
[INFO] [stderr]   Downloaded vte v0.8.0
[INFO] running `Command { std: "docker" "create" "-v" "/var/lib/crater-agent-workspace/builds/worker-9/target:/opt/rustwide/target:rw,Z" "-v" "/var/lib/crater-agent-workspace/builds/worker-9/source:/opt/rustwide/workdir:ro,Z" "-v" "/var/lib/crater-agent-workspace/cargo-home:/opt/rustwide/cargo-home:ro,Z" "-v" "/var/lib/crater-agent-workspace/rustup-home:/opt/rustwide/rustup-home:ro,Z" "-e" "SOURCE_DIR=/opt/rustwide/workdir" "-e" "CARGO_TARGET_DIR=/opt/rustwide/target" "-e" "CARGO_HOME=/opt/rustwide/cargo-home" "-e" "RUSTUP_HOME=/opt/rustwide/rustup-home" "-w" "/opt/rustwide/workdir" "-m" "1610612736" "--user" "0:0" "--network" "none" "rustops/crates-build-env@sha256:a636fd89d022f18117e1dc8fb37a0a009933cdbbe082814857f0e2024962d47c" "/opt/rustwide/cargo-home/bin/cargo" "+cfbc6d4cf1acbac5c025acf8ed68929caa551df3" "metadata" "--no-deps" "--format-version=1", kill_on_drop: false }`
[INFO] [stdout] 299d6b84d9fdf24d9ed20d7900cb8a70b1385302e6363d2cdeaf83187cd2f189
[INFO] [stderr] WARNING: Your kernel does not support swap limit capabilities or the cgroup is not mounted. Memory limited without swap.
[INFO] running `Command { std: "docker" "start" "-a" "299d6b84d9fdf24d9ed20d7900cb8a70b1385302e6363d2cdeaf83187cd2f189", kill_on_drop: false }`
[INFO] running `Command { std: "docker" "inspect" "299d6b84d9fdf24d9ed20d7900cb8a70b1385302e6363d2cdeaf83187cd2f189", kill_on_drop: false }`
[INFO] running `Command { std: "docker" "rm" "-f" "299d6b84d9fdf24d9ed20d7900cb8a70b1385302e6363d2cdeaf83187cd2f189", kill_on_drop: false }`
[INFO] [stdout] 299d6b84d9fdf24d9ed20d7900cb8a70b1385302e6363d2cdeaf83187cd2f189
[INFO] running `Command { std: "docker" "create" "-v" "/var/lib/crater-agent-workspace/builds/worker-9/target:/opt/rustwide/target:rw,Z" "-v" "/var/lib/crater-agent-workspace/builds/worker-9/source:/opt/rustwide/workdir:ro,Z" "-v" "/var/lib/crater-agent-workspace/cargo-home:/opt/rustwide/cargo-home:ro,Z" "-v" "/var/lib/crater-agent-workspace/rustup-home:/opt/rustwide/rustup-home:ro,Z" "-e" "SOURCE_DIR=/opt/rustwide/workdir" "-e" "CARGO_TARGET_DIR=/opt/rustwide/target" "-e" "CARGO_INCREMENTAL=0" "-e" "RUST_BACKTRACE=full" "-e" "RUSTFLAGS=--cap-lints=forbid" "-e" "CARGO_HOME=/opt/rustwide/cargo-home" "-e" "RUSTUP_HOME=/opt/rustwide/rustup-home" "-w" "/opt/rustwide/workdir" "-m" "1610612736" "--user" "0:0" "--network" "none" "rustops/crates-build-env@sha256:a636fd89d022f18117e1dc8fb37a0a009933cdbbe082814857f0e2024962d47c" "/opt/rustwide/cargo-home/bin/cargo" "+cfbc6d4cf1acbac5c025acf8ed68929caa551df3" "check" "--frozen" "--all" "--all-targets" "--message-format=json", kill_on_drop: false }`
[INFO] [stdout] 41d0daba7cf7c2eb000a15007378df60df0de94cbd550273b3c2f9da38d0149b
[INFO] [stderr] WARNING: Your kernel does not support swap limit capabilities or the cgroup is not mounted. Memory limited without swap.
[INFO] running `Command { std: "docker" "start" "-a" "41d0daba7cf7c2eb000a15007378df60df0de94cbd550273b3c2f9da38d0149b", kill_on_drop: false }`
[INFO] [stderr] warning: dependency (vte) specified without providing a local path, Git repository, or version to use. This will be considered an error in future versions
[INFO] [stderr]    Compiling proc-macro2 v1.0.19
[INFO] [stderr]    Compiling unicode-xid v0.2.1
[INFO] [stderr]     Checking utf8parse v0.2.0
[INFO] [stderr]    Compiling quote v1.0.7
[INFO] [stderr]    Compiling vte_generate_state_changes v0.1.1
[INFO] [stderr]     Checking vte v0.8.0
[INFO] [stderr]     Checking vte-bench v0.1.0 (/opt/rustwide/workdir)
[INFO] [stdout] error[E0554]: `#![feature]` may not be used on the beta release channel
[INFO] [stdout]  --> src/main.rs:1:1
[INFO] [stdout]   |
[INFO] [stdout] 1 | #![feature(test)]
[INFO] [stdout]   | ^^^^^^^^^^^^^^^^^
[INFO] [stdout] 
[INFO] [stdout] 
[INFO] [stdout] error[E0050]: method `hook` has 4 parameters but the declaration in trait `vte::Perform::hook` has 5
[INFO] [stdout]   --> src/main.rs:12:13
[INFO] [stdout]    |
[INFO] [stdout] 12 |     fn hook(&mut self, _: &[i64], _: &[u8], _: bool) {}
[INFO] [stdout]    |             ^^^^^^^^^^^^^^^^^^^^^^^^^^^^^^^^^^^^^^^ expected 5 parameters, found 4
[INFO] [stdout]    |
[INFO] [stdout]    = note: `hook` from trait: `fn(&mut Self, &[i64], &[u8], bool, char)`
[INFO] [stdout] 
[INFO] [stdout] 
[INFO] [stdout] error[E0050]: method `osc_dispatch` has 2 parameters but the declaration in trait `vte::Perform::osc_dispatch` has 3
[INFO] [stdout]   --> src/main.rs:15:21
[INFO] [stdout]    |
[INFO] [stdout] 15 |     fn osc_dispatch(&mut self, _: &[&[u8]]) {}
[INFO] [stdout]    |                     ^^^^^^^^^^^^^^^^^^^^^^ expected 3 parameters, found 2
[INFO] [stdout]    |
[INFO] [stdout]    = note: `osc_dispatch` from trait: `fn(&mut Self, &[&[u8]], bool)`
[INFO] [stdout] 
[INFO] [stdout] 
[INFO] [stdout] error[E0050]: method `esc_dispatch` has 5 parameters but the declaration in trait `vte::Perform::esc_dispatch` has 4
[INFO] [stdout]   --> src/main.rs:17:21
[INFO] [stdout]    |
[INFO] [stdout] 17 |     fn esc_dispatch(&mut self, _: &[i64], _: &[u8], _: bool, _: u8) {}
[INFO] [stdout]    |                     ^^^^^^^^^^^^^^^^^^^^^^^^^^^^^^^^^^^^^^^^^^^^^^ expected 4 parameters, found 5
[INFO] [stdout]    |
[INFO] [stdout]    = note: `esc_dispatch` from trait: `fn(&mut Self, &[u8], bool, u8)`
[INFO] [stdout] 
[INFO] [stdout] 
[INFO] [stdout] error[E0554]: `#![feature]` may not be used on the beta release channel
[INFO] [stdout]  --> src/main.rs:1:1
[INFO] [stdout]   |
[INFO] [stdout] 1 | #![feature(test)]
[INFO] [stdout]   | ^^^^^^^^^^^^^^^^^
[INFO] [stdout] 
[INFO] [stdout] 
[INFO] [stdout] error[E0050]: method `hook` has 4 parameters but the declaration in trait `vte::Perform::hook` has 5
[INFO] [stdout]   --> src/main.rs:12:13
[INFO] [stdout]    |
[INFO] [stdout] 12 |     fn hook(&mut self, _: &[i64], _: &[u8], _: bool) {}
[INFO] [stdout]    |             ^^^^^^^^^^^^^^^^^^^^^^^^^^^^^^^^^^^^^^^ expected 5 parameters, found 4
[INFO] [stdout]    |
[INFO] [stdout]    = note: `hook` from trait: `fn(&mut Self, &[i64], &[u8], bool, char)`
[INFO] [stdout] 
[INFO] [stdout] 
[INFO] [stdout] error[E0050]: method `osc_dispatch` has 2 parameters but the declaration in trait `vte::Perform::osc_dispatch` has 3
[INFO] [stdout]   --> src/main.rs:15:21
[INFO] [stdout]    |
[INFO] [stdout] 15 |     fn osc_dispatch(&mut self, _: &[&[u8]]) {}
[INFO] [stdout]    |                     ^^^^^^^^^^^^^^^^^^^^^^ expected 3 parameters, found 2
[INFO] [stdout]    |
[INFO] [stdout]    = note: `osc_dispatch` from trait: `fn(&mut Self, &[&[u8]], bool)`
[INFO] [stdout] 
[INFO] [stdout] 
[INFO] [stdout] error[E0050]: method `esc_dispatch` has 5 parameters but the declaration in trait `vte::Perform::esc_dispatch` has 4
[INFO] [stdout]   --> src/main.rs:17:21
[INFO] [stdout]    |
[INFO] [stdout] 17 |     fn esc_dispatch(&mut self, _: &[i64], _: &[u8], _: bool, _: u8) {}
[INFO] [stdout]    |                     ^^^^^^^^^^^^^^^^^^^^^^^^^^^^^^^^^^^^^^^^^^^^^^ expected 4 parameters, found 5
[INFO] [stdout]    |
[INFO] [stdout]    = note: `esc_dispatch` from trait: `fn(&mut Self, &[u8], bool, u8)`
[INFO] [stdout] 
[INFO] [stdout] 
[INFO] [stdout] error: aborting due to 4 previous errors
[INFO] [stdout] 
[INFO] [stdout] 
[INFO] [stdout] Some errors have detailed explanations: E0050, E0554.
[INFO] [stdout] 
[INFO] [stdout] For more information about an error, try `rustc --explain E0050`.
[INFO] [stdout] 
[INFO] [stderr] error: could not compile `vte-bench`.
[INFO] [stdout] error: aborting due to 4 previous errors
[INFO] [stdout] 
[INFO] [stdout] 
[INFO] [stderr] 
[INFO] [stdout] Some errors have detailed explanations: E0050, E0554.
[INFO] [stdout] 
[INFO] [stderr] To learn more, run the command again with --verbose.
[INFO] [stdout] For more information about an error, try `rustc --explain E0050`.
[INFO] [stdout] 
[INFO] [stderr] warning: build failed, waiting for other jobs to finish...
[INFO] [stderr] error: build failed
[INFO] running `Command { std: "docker" "inspect" "41d0daba7cf7c2eb000a15007378df60df0de94cbd550273b3c2f9da38d0149b", kill_on_drop: false }`
[INFO] running `Command { std: "docker" "rm" "-f" "41d0daba7cf7c2eb000a15007378df60df0de94cbd550273b3c2f9da38d0149b", kill_on_drop: false }`
[INFO] [stdout] 41d0daba7cf7c2eb000a15007378df60df0de94cbd550273b3c2f9da38d0149b
